e p(b).
-6
Suppose a - j = 2, 3*a - 3*j = 2*a + 2. Let u be 1/(a/(-10)) + 3. Let l(t) = 2*t**3 + t**2 - 3*t - 2. Give l(u).
-8
Let y(u) = -3*u**2 - 1 - 2*u**3 + 3*u**3 + 0*u**3 - 3*u - 1. Let x be y(4). Let o(c) = -c + 3 - 2*c**2 + 3*c**x + 5*c. What is o(-2)?
-1
Let a(t) = -3*t**3 + 6*t**2 - 13*t - 12. Let p(j) = j**3 - 3*j**2 + 6*j + 6. Let v(i) = 2*a(i) + 5*p(i). Determine v(-4).
6
Let o(j) be the third derivative of j**5/30 - j**4/4 - j**3/2 + 6*j**2. Let a(k) be the first derivative of o(k). Calculate a(4).
10
Let v(n) = 3*n**2 + 2*n**2 - 2 + n**3 + 5 - 2*n - 4*n**2. Determine v(2).
11
Suppose -q - 3 = -0. Let p be 0*1/(q/3). Let y(f) = f**3 - f**2 + f - 11. Determine y(p).
-11
Suppose 0 = -4*t + 8 + 8. Let l(w) be the second derivative of -w**3/3 + 2*w**2 + 3*w. What is l(t)?
-4
Let m(g) = -g**2 + g + 2. Suppose 4*k - 5*k = 2. What is m(k)?
-4
Let j = 27 + -30. Let r = 3 + -3. Let m(n) = r*n + 1 - 3 + n. Determine m(j).
-5
Let h(y) = -y + 8. Let i be h(7). Let b(t) be the second derivative of -t**4/8 + 3*t**2/2 + t. Let o(f) be the first derivative of b(f). What is o(i)?
-3
Let x(z) = -z**2 - 6*z + 4. Let d(v) = v - 12. Let u be d(6). Determine x(u).
4
Let x(s) = s**3 - s**2 + s + 1. Suppose 2*j = 5*j. Let h be (1 - j)*(-3)/3. Calculate x(h).
-2
Let x(k) = -k**2 - 3*k + 2. Suppose -16 = 4*q - 0*q. Calculate x(q).
-2
Let o be (-1 + (2 - 0))*-1. Let v(k) be the first derivative of -16*k**3/3 - k**2 - k + 6. Determine v(o).
-15
Let p(k) = 5*k**2 - 7*k - 5. Let m(r) = 6*r**2 - 7*r - 5. Let o(h) = -6*m(h) + 7*p(h). Let s(q) = -q**3 + 3*q**2 - 2*q + 1. Let u be s(3). Determine o(u).
5
Let i(d) = d - 3*d**3 + 1 + 16*d**3 + d + 2*d**2. Suppose -3*m + 4*v + 4 = 7, -2*m - 3*v = 2. Give i(m).
-12
Let l(w) be the third derivative of -w**4/8 - 11*w**3/6 + 15*w**2. Determine l(-8).
13
Let a(s) = -s**3 + 4*s**2 - s - 2. Let f(w) = -w**2 - 5*w + 3. Let t(g) = -g**2 - 6*g - 5. Let m be t(-6). Let d be f(m). Determine a(d).
4
Let i(m) = -m**2 - m + 4. Let x be (-9)/3 - (1 + -14). Let t(g) = g**3 - 9*g**2 - 9*g - 10. Let n be t(x). Let h = n - 0. Calculate i(h).
4
Let t(h) = -h**3 - 3*h**2 - 2*h - 1. Let s = -8 - -5. Let m be t(s). Let b(c) = -c**2 + 4*c + 5. Give b(m).
0
Let q(n) = 2*n**2 - 6*n + 2. Let s(l) = -2*l**2 + 12*l**3 - 10*l**3 + l - l**2 - 2. Let t be s(2). Determine q(t).
10
Let h(t) = 1. Let q(x) = x. Let k(i) = h(i) + q(i). Let d(y) = -2*y - 23. Let l be d(-10). Determine k(l).
-2
Let v(c) = 13*c**3 - c. Suppose 12*m = 16*m + 32. Let a = m + 9. Give v(a).
12
Let h(a) = -7*a - 2*a + 8 + 8*a. Give h(0).
8
Let k(f) = -2*f**2 + 2. Let v(l) = -l**2 + 5*l - 6. Let w be v(4). What is k(w)?
-6
Let a(h) = -h**2 + 3*h + 5. Suppose 4*p + 20 + 20 = 0. Let d be ((-8)/3)/(p/15). Calculate a(d).
1
Suppose r = -2*f - 2*r - 2, -3*f + 4*r = -31. Let j(n) = -4*n + 8 + n**3 + f*n - 5*n + 5*n**2. Give j(-6).
-4
Let k(m) = m**2. Let r(x) = x**3 + 3*x**2 - 3*x - 2. Let f(d) = d**2 + 7*d + 7. Let v be f(-6). Let o(s) = v*r(s) - 2*k(s). What is o(-2)?
0
Let q = 0 - -6. Let h = 10 - q. Let a(u) = -u + 3. Let w be a(h). Let j(t) = 4*t + 1. Determine j(w).
-3
Let h(t) = -7*t**2 - 11*t + 1. Let y = -17 - -10. Let c(a) = -8*a**2 - 12*a + 2. Let q(b) = y*h(b) + 6*c(b). Suppose -m - 3*m = 16. Determine q(m).
1
Let s(j) = -3 - j + 0*j + j**3 + j**2 + 2. Let w(u) = u**3 - 4*u**2 + 5*u + 5. Let o(c) = 5*s(c) + w(c). Let x be (-1)/4 + 6/(-8). Calculate o(x).
-5
Let l be ((-3)/(-2))/(-3)*-6. Let f = 4 - l. Let q(z) = 5*z**3 - 4*z**3 + 1 + 3*z**3. Give q(f).
5
Let h be 0 - (-1 + 1) - (-44)/22. Let k(l) be the second derivative of 0 - h*l - 2/3*l**3 - 3/2*l**2. Give k(-2).
5
Let w be 4 + (2 - (-3 - -5)). Let n(r) = 24 + 2*r - w - 16. Give n(5).
14
Suppose 9 = -3*s + 3*m, -5*m + 4 = -3*s + 3. Let y(a) = a**2 + 7*a + 2. Calculate y(s).
2
Let u(z) = z**3 + 10*z**2 + 5. Let b(o) = -o**3 - 9*o**2 - o - 4. Let p(n) = 4*b(n) + 3*u(n). What is p(-5)?
-6
Let o(g) be the first derivative of -g**3/3 - 7*g**2/2 + 11*g + 13. Give o(-8).
3
Let w(o) = -2*o + 11. Let g(t) = 9*t + 27. Let k be g(-2). Determine w(k).
-7
Let j(n) be the second derivative of -n**4/12 - 2*n**3/3 + 3*n**2 + n. Let i = -11 - -36. Suppose 0*w = -3*b + w - 10, b + i = -4*w. Determine j(b).
1
Let q(h) = -7*h**2 + 15*h - 11. Let o(f) = 15*f**2 - 31*f + 23. Let g(x) = -6*o(x) - 13*q(x). Determine g(6).
-13
Let h(f) = -3*f + 3. Suppose 0*n = n. Suppose x + 3*y = -n*y + 17, 5*x + 2*y - 20 = 0. Give h(x).
-3
Let h(l) = l - 3. Let c(s) = 2*s. Let r be c(4). Let t(w) be the first derivative of w**4/4 - 3*w**3 + 4*w**2 + 5*w + 4. Let g be t(r). Give h(g).
2
Let d(a) be the second derivative of a**4 + 0 - 1/2*a**2 - 4*a + 0*a**3. Calculate d(1).
11
Let n = -275 - -158. Let f be (-135)/n - 4/26. Let u(b) = 5*b. What is u(f)?
5
Let q(z) = 5*z + 2. Let v(c) = 3*c - 4. Let p(s) = -2*s + 3. Let n(r) = 7*p(r) + 5*v(r). Let f(b) = 4*n(b) - q(b). Suppose 3*l - l = 0. Calculate f(l).
2
Suppose 3*x + 9 = -3. Let y be x/(24/15)*-2. Let f = y - 10. Let v(t) = t**3 + 6*t**2 + 5*t - 5. Calculate v(f).
-5
Let r(f) = 3*f - 1. Let q(m) = 5*m - 1. Let w(x) = -5*q(x) + 8*r(x). Let u be ((-1)/(-1) - -2) + 0. Determine w(u).
-6
Let r(q) = q**3 + 4*q**2 + 2*q - 2. Let b be 2/(-6)*18/3. What is r(b)?
2
Suppose -5*n + 2*f - 23 = 0, 0 = -3*n + 5*f - 29. Let v(h) be the second derivative of 1/2*h**2 - 3*h - 1/6*h**3 + 0. Determine v(n).
4
Let q(v) = -v. Let c(l) = 13*l. Let a(k) = c(k) + 4*q(k). Suppose 3*f - w + 3*w = -19, 5*w + 16 = 3*f. Let o = -2 - f. Calculate a(o).
9
Let j(q) = 3 - q**2 + 5*q**2 - 6*q - 3*q**2. Determine j(4).
-5
Let v(r) = 2*r - r**2 + 2*r**2 - 5*r - 2*r. Calculate v(6).
6
Let y(u) = -2*u**2 + 3. Let b(z) = 2*z**2 - z - 3. Let n(w) = -4*b(w) - 5*y(w). Calculate n(-4).
13
Let g(a) be the second derivative of a**2/2 - 7*a. Let z(d) = 5*d + 4. Let m(x) = 5*g(x) - z(x). What is m(-1)?
6
Let m = 13 - 9. Suppose -5*f = -3*q - 32, 4*q = 2*f - m*f - 8. Let w(g) = 2*g + 2*g - 3*g - 1. Determine w(f).
3
Suppose -5*s + 2 = -5*h + 3*h, -h + 2*s - 1 = 0. Let y(x) = -8*x**3 - 2*x**2 - 2*x - 1. What is y(h)?
7
Suppose 3*m - m = -2*q + 16, 0 = -4*m - q + 44. Let c be (-52)/(-9) + m/54. Let z(k) = k**2 - 5*k + 3. Give z(c).
9
Let o(i) = -2*i + 6. Let l(j) be the third derivative of -j**4/8 + 11*j**3/6 - 2*j**2. Let n(m) = -3*l(m) + 5*o(m). Calculate n(-3).
0
Let n(w) = 11*w**2 - 13*w + 9. Let j(d) be the third derivative of d**5/10 - 7*d**4/24 + 5*d**3/6 + 8*d**2. Let o(z) = 5*j(z) - 3*n(z). What is o(2)?
-6
Let b = 39 + -779/20. Let q(w) be the second derivative of 0 - 3*w - 4*w**2 - 1/6*w**3 - b*w**5 - 1/2*w**4. Give q(-6).
-2
Let h(p) be the second derivative of p**3/2 + p**2 - 5*p. What is h(-5)?
-13
Let l(y) = 2*y + 10. Let u(h) = 3*h + 15. Let v(s) = 7*l(s) - 5*u(s). What is v(-4)?
-1
Let p(d) be the second derivative of -d**7/2520 + d**6/180 - d**5/120 + d**4/12 - 3*d. Let t(w) be the third derivative of p(w). Calculate t(4).
-1
Let o(m) = 4*m**3 + 2*m**2 - 1. Suppose 3*b = 5*r + 2, 4*b - 4*r = 3*b - 4. Suppose 3*j + b = 1. Let h be j*(-3)/9*-3. Give o(h).
-3
Let z(s) = 3*s**3 - s**2 - s - 1. Let p = -43 - -42. What is z(p)?
-4
Let q(t) be the second derivative of -t**5/10 + t**4/12 - t**2/2 - 2*t. Determine q(2).
-13
Suppose 5*g + 8 = i + 4*g, 4*g = -20. Let u(b) = 0*b + 1 + b + i*b**2 + b**3 + b**2. Suppose -6 + 2 = t. Determine u(t).
-3
Let s be (-2)/(-4)*(-2 + 2). Let u(m) = 2*m - 1. Let w(b) = 3*b - 1. Let z(d) = -u(d) + w(d). Calculate z(s).
0
Let u(t) = -2 - 3*t**2 + t**2 + t**2 + 3*t. Let r(m) be the first derivative of m**4/4 + 7*m**3/3 - 3*m**2/2 - 17*m + 9. Let c be r(-7). Calculate u(c).
-6
Let n(q) = 3*q**2 + 0*q**2 - 5 + 7 - 4*q**2. Let x be ((-2)/(-5))/((-1)/5). What is n(x)?
-2
Let f(c) be the third derivative of -3*c**2 + 1/12*c**4 + 1/2*c**3 + 0 + 0*c. Calculate f(-2).
-1
Let u(p) be the first derivative of p**3/3 - p**2/2 - 2*p - 3. Let t(c) = -3*c**3 - 1. Let d be t(1). Let r = -2 - d. Calculate u(r).
0
Let q(c) = c + 5 - 3*c**3 - c**2 + 2*c**3 - 3. Determine q(0).
2
Let v(t) = -t**2 + 4*t + 5. Let d = -6 - -6. Suppose -5*i - 3*h + 23 = 0, d*h - 12 = -2*i - 4*h. Let f be (-18)/(-4) - i/8. What is v(f)?
5
Let v(y) be the third derivative of y**4/24 + y**3 + 4*y**2. Determine v(-6).
0
Let z(c) = 13*c**2 - c + 5. Let w(l